4. Is z a prime number?
False
Let t be 4 + 6 - (0 + 4). Suppose -t - 6 = -6*o. Is o/(-11) - 371693/(-319) composite?
True
Suppose -420*i + 418*i = -2*p + 2818518, 2*p - i - 2818510 = 0. Is p a prime number?
True
Let t(k) = k**2 + 11*k + 28. Let s be t(-7). Suppose 0 = -j - 1, s*w + w - 540 = 5*j. Is w a composite number?
True
Let s = 314063 + -162684. Is s composite?
False
Suppose 4*x = 3*x + 3. Suppose -2*g - x*v - 6 = 0, 3 = -5*g - 4*v + 2. Suppose s - 2590 = -4*s + 3*t, -g*s + 1570 = -5*t. Is s a composite number?
True
Let t(s) = -8*s**3 - 5*s**2 + 11*s - 1. Let v(h) = 9*h**3 + 6*h**2 - 11*h. Let w(o) = -6*t(o) - 5*v(o). Let c be w(7). Is (-2 - -5)*(-4 - c/(-6)) composite?
False
Is 7285140/234 - (-7)/(-91) composite?
True
Let p(m) = -10934*m - 625. Is p(-3) prime?
False
Let t be 48/(-384) - 1328497/(-8). Suppose 0 = 13*l - 19*l + t. Is l a composite number?
True
Suppose 2*y - 73817 = -s, -13*s - 4*y - 73823 = -14*s. Is s a composite number?
False
Is (-826469)/(-7) - (-74 - -48) a composite number?
False
Let s(w) = 334*w**2 + 43*w - 212. Is s(5) a composite number?
False
Let g = -382 + 385. Suppose 4*v = g*q - 20933, 2*v = -4*q + 3*q + 6981. Is q prime?
False
Let o(p) = -4*p**2 - p + 314. Let b be o(0). Is (33/(-6)*b)/(4 - 5) prime?
False
Let d = -371389 - -725504. Is d prime?
False
Let b be 98439/3 - 1*-3. Let n = b - 22632. Suppose 9*k - n = k. Is k a prime number?
False
Let t(g) = -18239*g - 884. Is t(-5) prime?
False
Suppose 2*f + 649974 = 5*q + 3*f, 2*f = 5*q - 649962. Is q a composite number?
True
Suppose 15*h = 14*h + 38. Let m = 38 - h. Suppose 6*j - 5*j - 901 = m. Is j prime?
False
Let x = 513667 - 123404. Is x a prime number?
True
Suppose 121*v + 109*v = 49*v + 5539505. Is v prime?
False
Let l = 173 + -129. Let d = -29 + l. Is d a prime number?
False
Let s(a) = 2*a**3 - 21*a**2 + 15*a + 7. Let p(q) = -q**3 - 16*q**2 + 15. Let u be p(-16). Suppose 3*j - 4*j - r = -u, r + 7 = j. Is s(j) a prime number?
True
Let h = 3406 + 6727. Is h prime?
True
Let o(h) = 9*h - 23. Let p(x) = -2*x**2 - 11*x - 2. Let u be p(-5). Let w be o(u). Suppose -2384 = -w*l + 620. Is l a composite number?
False
Is 251*((-33)/22 - (-3)/2 - -43) prime?
False
Let k be (0 - (-5 + 8))*(-61453)/3. Suppose -5*o + k = -0*o + 2*v, -36871 = -3*o - v. Is o a prime number?
True
Let a(j) = 22*j**3 + 6*j**2 - 13*j + 17. Let b = 314 + -310. Is a(b) a prime number?
False
Suppose 2*f + 248*i = 251*i + 99571, 4*i = -f + 49769. Is f composite?
True
Let u(n) = 18*n**2 - 34. Let m be u(-15). Suppose 3*d = m + 14824. Suppose -5*i - 5*v = -v - 10471, 5*v = -3*i + d. Is i a prime number?
False
Let h(m) = -m**3 + 10*m**2 - 11*m + 21. Let o be h(9). Suppose -u + 191 = -5*k, -80 + 653 = o*u + 2*k. Is u a composite number?
False
Let f = 65 + -61. Let n be (-6)/(2/16*f). Is 2725 + 4/n*(-6)/(-1) a prime number?
False
Suppose 3*g = 4*o - 3216, 2*g + 0*o = 2*o - 2146. Let i = -319 - g. Suppose -2*v = -8, 2*k = -k - v + i. Is k composite?
False
Suppose -2*h - 17*h + 3277291 = 0. Is h composite?
False
Let f = -60 + 78. Let p be (-2 - -2)*(-9)/f. Suppose r + 307 - 4146 = p. Is r prime?
False
Let x(q) = 3*q**2 + 6*q - 54. Let m be x(-6). Is 4/m - (11 - 59112/81) a composite number?
False
Suppose 0 = 10*a - 159338 - 2787692. Is a prime?
True
Let f be ((-10)/(-6) - -1)*6597/3. Suppose f = -7*g + 15*g. Is g prime?
True
Suppose -2739*s - 5273 = -2740*s. Is s composite?
False
Let l = -4798476 + 6774847. Is l a composite number?
False
Let t(q) = -1417*q - 2057. Is t(-18) a composite number?
True
Is (-3295048251)/(-12913) - 4/(-74) composite?
False
Let r(l) = -7*l - 2. Let i be r(-1). Suppose -i*c = 2*c - 49. Suppose f - 5 = 0, 0 = -3*v + c*v + f - 657. Is v a prime number?
True
Let i(h) = -6 - 34*h + 63*h + 2*h**2 - 22*h. Let t be i(1). Suppose 0 = 4*a - 1 - t, 2*a + 709 = 3*s. Is s composite?
True
Let b = 12437 - -8817. Let t = 3256 + b. Let j = -16789 + t. Is j composite?
True
Let p = -10562 - -15569. Suppose 0 = -17*r + 13*r - 2*n + 9974, 2*r = -5*n + p. Is r a composite number?
True
Let m(p) = p**3 - 6*p**2 + 4*p - 1. Let s be m(3). Let i(d) = d + 18. Let k be i(s). Suppose k*w = -0*w + 1318. Is w a composite number?
False
Let r(u) = 399*u**3 - 7*u**2 + 44*u - 77. Is r(4) a prime number?
True
Let o(h) = 1443*h - 514. Is o(21) a prime number?
True
Suppose -27*a + 3*o - 9 = -29*a, 3*o = -5*a + 9. Suppose 4*q + 5*r - 653 = 0, a = -q - 9*r + 6*r + 172. Is q prime?
True
Suppose 4*p - 3*g = -0*g + 349151, 8*p - 698351 = -g. Is p prime?
True
Let r(g) = -2*g**2 + 1. Let l(z) = 6*z + 1. Let w(q) = -l(q) - 4*r(q). Let u be -2 + 1 + -4 + 2. Is w(u) a prime number?
False
Let i = 37875 + -11318. Is i composite?
False
Is -8*9/(-180) + (-120066)/(-10) prime?
True
Suppose 188*n = 50*n + 81201822. Is n a prime number?
False
Let o be ((-40)/(-25)*1)/((-6)/(-15)). Suppose 42 - 12 = 3*k + 5*v, -5*k + 37 = o*v. Suppose 2*j = -3*r + 911, 1227 = k*r + 2*j - 298. Is r prime?
True
Let c(q) = -11594*q - 1447. Is c(-7) a prime number?
False
Let p(f) = -1709*f - 86. Let d be p(4). Let a = -3581 - d. Is a a composite number?
True
Let r = -476453 + 673486. Is r a prime number?
True
Let o = -1230 - -2918. Suppose h + 0 - 4 = -i, -4*h + 8 = 0. Is o/(-32)*(-1*2 - i) a composite number?
False
Suppose -8*h + 112 = -1168. Let w = 10 + h. Is 4/(-16) + w/8 a composite number?
True
Suppose -3*y = 12, 3*s - 1386 - 3232 = -5*y. Let t = -627 + s. Is t composite?
False
Let o(k) = -21*k**3 - 6*k**2 - 10*k - 33. Suppose -2 = 5*g + 48. Is o(g) composite?
True
Suppose -6*l - 39 - 1905 = 0. Is (-5518)/(-18) + (-144)/l composite?
False
Let v(g) = 32*g**2 + 764*g - 75. Is v(-44) a prime number?
False
Suppose -2*f = -v + 2*v + 21, 2*f = v - 27. Let d(i) = -254*i - 75. Is d(f) composite?
True
Suppose 15 = 4*s - 1005. Suppose s*x - 263*x + 19576 = 0. Is x a composite number?
False
Suppose -v + 566553 = 5*a, 0 = 2*a + 5*v - 3*v - 226618. Is a composite?
True
Let w = 253 + -283. Is (-55938)/w + 12/30 a prime number?
False
Suppose 16377046 = 32*y + 4*h - 6*h, -2*h = -4*y + 2047122. Is y a prime number?
False
Let r = 422428 + -189739. Is r a composite number?
True
Suppose -860421 = -2*h + 2*j + 753619, -h - 2*j + 807047 = 0. Is h a composite number?
True
Is (-1 - 4) + 460780/10 prime?
True
Let w = 3835 - 21412. Let i = w - -26020. Is i a composite number?
False
Let w(t) = -5*t**2 + t + 15. Let p be w(-10). Let x = 1658 - p. Is x composite?
False
Suppose 29*a = 31*a. Suppose -2*v + 0*n + 2537 = 3*n, 5*v + 4*n - 6346 = a. Suppose 0 = -x + 4*i + v - 91, 2*i = 2*x - 2328. Is x a composite number?
True
Let l = -59773 + 104490. Is l composite?
True
Suppose 62*v - 632649 - 196833 = -65704. Is v composite?
True
Let b(i) = 37*i**3 + 4*i**2 - 6*i + 1. Let v(c) = 73*c**3 + 8*c**2 - 11*c + 3. Let k(t) = 5*b(t) - 3*v(t). Let x be k(5). Let n = 6266 + x. Is n prime?
False
Suppose -2*v - 2*q = -106896, -155039 = -5*v - q + 112221. Is v composite?
False
Let b = -618 + 611. Let i(u) = 27*u - 6. Let p(v) = -v + 1. Let a(t) = -i(t) + 5*p(t). Is a(b) composite?
True
Let y = -63 + 68. Suppose -y*u + 4 = 2*l, -2*u - l + 2 = -3*u. Suppose 3*a - 59 - 115 = u. Is a prime?
False
Let c(b) = -17*b**3 - 6*b**2 - 4*b - 10. Let g be c(5). Let z = 38 - g. Suppose z - 638 = 5*t - 2*q, -q = -5*t + 1700. Is t composite?
True
Let a(u) be the second derivative of -5*u**3 + u**2 - 9*u. Let d be a(-3). Let q = 181 - d. Is q composite?
False
Suppose 6*y - 4*y - 1317 = c, 4*y = -3*c - 3971. Let j = 1950 - c. Is j prime?
True
Suppose 11 = 8*j - 13. Suppose -j*c + 14640 = -6390. Suppose c = 7*n - 2*n. Is n prime?
False
Let i(a) = -a**2 + 1881. Let r be i(0). Let l = -870 + r. Is l a prime number?
False
Let f(o) = 7*o - 2. Let v be f(1). Let c(p) = p**2 - 7*p + 2. Let l be c(v). Is ((-3 - (-8860)/l) + 0)*-2 a prime number?
True
Suppose 5*h = -0*h + 60. Suppose 0 = -23*z + 20*z + h. Suppose 0 = -z*i - 40 + 356. Is i a composite number?
False
Let q = 34704 + 131209. Is q a prime number?
False
Suppose 3*h + 64071 = 12*h. Suppose -4*g = -0*x - 3*x + h, x + 5*g = 2392. Suppose -x = 5*p - 7947. Is p a composite number?
True
Let s(t) = -t**2 + 5*t - 4. Let a be s(1). Suppose 22*z - 2*z - 64420 = a. Is z prime?
True
Suppose -22*p - 23*p + 851304 = -21*p. Is p a prime number?
False
Suppose 888505 + 64